
0
Calculate the remainder when 26 is divided by 7.
5
What is the remainder when 98 is divided by 50?
48
Calculate the remainder when 360 is divided by 33.
30
What is the remainder when 4082 is divided by 18?
14
Calculate the remainder when 36 is divided by 33.
3
What is the remainder when 212 is divided by 113?
99
What is the remainder when 15757 is divided by 103?
101
Calculate the remainder when 7989 is divided by 37.
34
Calculate the remainder when 46 is divided by 6.
4
What is the remainder when 320 is divided by 315?
5
What is the remainder when 334 is divided by 20?
14
What is the remainder when 53873 is divided by 438?
437
What is the remainder when 26 is divided by 7?
5
What is the remainder when 107 is divided by 42?
23
What is the remainder when 2831 is divided by 21?
17
What is the remainder when 170 is divided by 15?
5
What is the remainder when 992 is divided by 276?
164
Calculate the remainder when 1202 is divided by 31.
24
What is the remainder when 339 is divided by 31?
29
What is the remainder when 785 is divided by 37?
8
What is the remainder when 2822 is divided by 19?
10
Calculate the remainder when 301 is divided by 29.
11
What is the remainder when 283 is divided by 90?
13
What is the remainder when 189 is divided by 42?
21
Calculate the remainder when 6833 is divided by 682.
13
What is the remainder when 11335 is divided by 13?
12
What is the remainder when 925 is divided by 16?
13
Calculate the remainder when 92 is divided by 6.
2
What is the remainder when 181 is divided by 3?
1
What is the remainder when 483 is divided by 45?
33
Calculate the remainder when 5280 is divided by 51.
27
What is the remainder when 54 is divided by 14?
12
What is the remainder when 3227 is divided by 231?
224
What is the remainder when 1550 is divided by 141?
140
Calculate the remainder when 648 is divided by 65.
63
Calculate the remainder when 278 is divided by 10.
8
Calculate the remainder when 65 is divided by 21.
2
Calculate the remainder when 1104 is divided by 62.
50
What is the remainder when 9 is divided by 8?
1
What is the remainder when 853 is divided by 24?
13
What is the remainder when 439 is divided by 87?
4
Calculate the remainder when 74 is divided by 31.
12
What is the remainder when 97 is divided by 15?
7
Calculate the remainder when 330 is divided by 42.
36
What is the remainder when 4389 is divided by 259?
245
Calculate the remainder when 1576 is divided by 132.
124
What is the remainder when 5577 is divided by 1856?
9
Calculate the remainder when 228 is divided by 119.
109
Calculate the remainder when 105 is divided by 36.
33
Calculate the remainder when 1288 is divided by 264.
232
What is the remainder when 484 is divided by 59?
12
Calculate the remainder when 1796 is divided by 62.
60
Calculate the remainder when 66 is divided by 12.
6
What is the remainder when 703 is divided by 248?
207
What is the remainder when 136 is divided by 37?
25
Calculate the remainder when 715 is divided by 2.
1
What is the remainder when 3514 is divided by 1167?
13
What is the remainder when 302 is divided by 96?
14
Calculate the remainder when 4804 is divided by 155.
154
Calculate the remainder when 12669 is divided by 36.
33
Calculate the remainder when 373 is divided by 4.
1
What is the remainder when 1214 is divided by 18?
8
Calculate the remainder when 350 is divided by 17.
10
What is the remainder when 1067 is divided by 17?
13
Calculate the remainder when 176 is divided by 45.
41
Calculate the remainder when 86 is divided by 86.
0
What is the remainder when 1461 is divided by 86?
85
Calculate the remainder when 169 is divided by 19.
17
Calculate the remainder when 354 is divided by 62.
44
Calculate the remainder when 10216 is divided by 1457.
17
What is the remainder when 195 is divided by 28?
27
Calculate the remainder when 852 is divided by 92.
24
Calculate the remainder when 4731 is divided by 79.
70
Calculate the remainder when 131 is divided by 33.
32
Calculate the remainder when 56 is divided by 13.
4
What is the remainder when 41 is divided by 34?
7
Calculate the remainder when 2924 is divided by 973.
5
What is the remainder when 123 is divided by 42?
39
What is the remainder when 252 is divided by 13?
5
What is the remainder when 194 is divided by 50?
44
Calculate the remainder when 28 is divided by 17.
11
What is the remainder when 1667 is divided by 151?
6
What is the remainder when 148 is divided by 86?
62
Calculate the remainder when 646 is divided by 162.
160
What is the remainder when 3344 is divided by 124?
120
Calculate the remainder when 256 is divided by 163.
93
What is the remainder when 456 is divided by 165?
126
Calculate the remainder when 349 is divided by 32.
29
What is the remainder when 392 is divided by 187?
18
What is the remainder when 94 is divided by 33?
28
Calculate the remainder when 952 is divided by 9.
7
What is the remainder when 136 is divided by 62?
12
Calculate the remainder when 667 is divided by 119.
72
Calculate the remainder when 308 is divided by 39.
35
Calculate the remainder when 15395 is divided by 89.
87
What is the remainder when 99 is divided by 79?
20
What is the remainder when 94 is divided by 30?
4
Calculate the remainder when 2854 is divided by 51.
49
Calculate the remainder when 860 is divided by 14.
6
What is the remainder when 210 is divided by 102?
6
Calculate the remainder when 132 is divided by 7.
6
Calculate the remainder when 337 is divided by 86.
79
Calculate the remainder when 136 is divided by 51.
34
Calculate the remainder when 374 is divided by 63.
59
Calculate the remainder when 110 is divided by 37.
36
What is the remainder when 1559 is divided by 771?
17
What is the remainder when 27 is divided by 9?
0
What is the remainder when 67 is divided by 9?
4
What is the remainder when 214 is divided by 27?
25
Calculate the remainder when 17 is divided by 5.
2
What is the remainder when 165 is divided by 57?
51
What is the remainder when 12140 is divided by 9?
8
Calculate the remainder when 220 is divided by 26.
12
Calculate the remainder when 469 is divided by 196.
77
What is the remainder when 305 is divided by 9?
8
Calculate the remainder when 607 is divided by 68.
63
What is the remainder when 253 is divided by 78?
19
Calculate the remainder when 588 is divided by 172.
72
Calculate the remainder when 8 is divided by 4.
0
What is the remainder when 676 is divided by 11?
5
Calculate the remainder when 441 is divided by 26.
25
Calculate the remainder when 3778 is divided by 54.
52
What is the remainder when 244 is divided by 13?
10
What is the remainder when 2604 is divided by 5?
4
Calculate the remainder when 755 is divided by 40.
35
Calculate the remainder when 181 is divided by 59.
4
Calculate the remainder when 311 is divided by 52.
51
Calculate the remainder when 130 is divided by 103.
27
What is the remainder when 148 is divided by 131?
17
What is the remainder when 634 is divided by 155?
14
What is the remainder when 62 is divided by 24?
14
Calculate the remainder when 232 is divided by 13.
11
Calculate the remainder when 36 is divided by 30.
6
Calculate the remainder when 153 is divided by 31.
29
What is the remainder when 731 is divided by 48?
11
Calculate the remainder when 1462 is divided by 14.
6
Calculate the remainder when 615 is divided by 103.
100
What is the remainder when 659 is divided by 107?
17
What is the remainder when 1515 is divided by 117?
111
What is the remainder when 1636 is divided by 78?
76
What is the remainder when 242 is divided by 63?
53
Calculate the remainder when 37 is divided by 2.
1
Calculate the remainder when 7667 is divided by 54.
53
Calculate the remainder when 261 is divided by 5.
1
Calculate the remainder when 339 is divided by 43.
38
What is the remainder when 102 is divided by 38?
26
What is the remainder when 896 is divided by 60?
56
What is the remainder when 4170 is divided by 321?
318
What is the remainder when 77 is divided by 26?
25
What is the remainder when 987 is divided by 71?
64
Calculate the remainder when 50 is divided by 11.
6
What is the remainder when 816 is divided by 406?
4
What is the remainder when 38 is divided by 23?
15
What is the remainder when 246 is divided by 7?
1
What is the remainder when 6